w)?
-4
Let f(n) = n**3 + 3*n**2 + 3*n + 1. Let c(s) = s**3 + 4*s**2 + 2*s. Let r(j) = 4*c(j) - 3*f(j). Give r(-7).
4
Suppose 4*w + 0*w - 4 = 0. Let t be (12/(-16))/(w/4). Let o(f) = 3*f + 5. Let q(s) = 4*s + 6. Let h(v) = 3*o(v) - 2*q(v). Give h(t).
0
Let g = -29 + 32. Let j(r) be the first derivative of -2/3*r**g + 1/2*r**2 - 3 + r + 1/4*r**4. What is j(2)?
3
Let z = -29 - -25. Let t(f) = f**3 + 5*f**2 + 6*f. Give t(z).
-8
Let n(r) be the second derivative of 7*r**5/10 - r**4/12 + r**2/2 - 4*r. What is n(-1)?
-14
Let x(q) = q + 4. Suppose 7*t = 2*t - 30. What is x(t)?
-2
Let a(y) = -20*y - 23*y + 39*y - 3 - 2 - y**2. Calculate a(-4).
-5
Let t(o) = -o + 7. Let l be t(-5). Suppose 4*d + 5*y + 17 = 0, d - 2*y - l = -0*d. Suppose -d*h + 0*h = 0. Let w(c) = c**2 + 2. Give w(h).
2
Let y(l) = 3*l**2 + l**3 + 5 - 6*l**2 - 3*l + 3*l**2 - 6*l**2. What is y(6)?
-13
Let s(g) = -3*g**3 + g**2 + 2*g + 1. Let f be s(-1). Let r(o) = -7 - o**2 + f - 9*o + 2. Calculate r(-8).
6
Let z(u) = -u**3 - 3*u**2 - 2*u - 1. Let p be 3*(2 + 12/(-9)). Suppose -p*t + 0*t - 2*s - 12 = 0, 5*t - 4*s = -3. What is z(t)?
5
Let p = 13 + -1. Let s(h) = -p + 12 + 5*h**2. Determine s(-1).
5
Let o(n) = -5*n**3 - 2*n**2 + 2*n - 1. Suppose 19 = 4*f - 1. Suppose -2*q + q = -f. Let g(t) = -t**3 + 6*t**2 - 6*t + 6. Let c be g(q). What is o(c)?
-6
Let r(o) = -4*o**3 + o**2 - o + 1. Let a = 4 + -2. Let q = a - 1. Determine r(q).
-3
Let i(g) = -2*g - 1. Let v(w) be the first derivative of -w**4/4 - 4*w**3/3 + 2*w**2 - 3. Let x be v(-5). Let l = 6 - x. Give i(l).
-3
Let i(z) = -3*z**2 + 2 - 281*z + 281*z. Give i(2).
-10
Let l = -14 - -12. Let r(x) = 2*x + 15. Let b(z) = z + 7. Let c(k) = 13*b(k) - 6*r(k). What is c(l)?
-1
Suppose 4*m + 60 = -m + 2*q, 4*m = q - 51. Let n = m + 7. Let k = n - -5. Let z(y) = -y**2 + 2*y + 2. Determine z(k).
-6
Let y be 2 - 3*1/(-9)*9. Let x(u) = 4*u + 6. Determine x(y).
26
Let r(w) = -w - 2. Let t = -10 + 7. Let l be -7 - 2/(t - -2). Determine r(l).
3
Let b(d) be the second derivative of d**7/2520 + d**6/240 + d**4/12 + 9*d. Let a(t) be the third derivative of b(t). What is a(-4)?
4
Suppose 6 = -7*z + 5*z. Let m(n) be the third derivative of -n**4/8 + n**3/6 + n**2. What is m(z)?
10
Let j(u) = u**3 - 8*u**2 + 6*u + 5. Let a be j(7). Let w(t) = -2*t**3 - t**2 - 2. Give w(a).
10
Suppose 3*w - 13 = -2*b, -2*w + 4*b + 11 = 3*b. Suppose 10 = 7*v - 2*v. Let j(g) = 7 - w*g**2 + 2*g - g**3 + v*g - g. Determine j(-5).
-8
Let w = 35 + -34. Let j(z) be the first derivative of z**4/2 - 2*z**3/3 + z + 2. What is j(w)?
1
Let o(u) = 0*u - u - 3*u**3 + 4*u**3 - 2*u + 4*u**2 - 7. Determine o(-5).
-17
Let c(h) = -3*h + 4*h - 3 - 2. Let l be c(7). Let n(p) = -5*p + 0*p + 2*p. What is n(l)?
-6
Let f(r) = r**3 - 2*r**2. Let x(u) = -u. Let z(k) = -k - 7. Let c be z(-6). Let m be x(c). Calculate f(m).
-1
Suppose 33 = -5*w + u, 0*w - 3*w + 4*u - 13 = 0. Let o(h) = h**2 + 7*h + 10. Give o(w).
10
Let o(g) = -2*g - 3. Suppose 0 = 3*h + 15, 2*h + 13 = 3*j - 3*h. What is o(j)?
5
Let r(n) = n**3 - 4*n + 7. Let h be r(2). Let d(v) = -v + 10. Give d(h).
3
Let j be 1/2 + (-4)/(-8). Let v be j + -4 - (-8 + 2). Suppose -2*g + v = 1. Let m(l) = -3*l**2 + 1. Calculate m(g).
-2
Let z(h) = -h. Let o(c) = -c + 1. Let j(r) be the first derivative of -3*r**2 + 3*r - 3. Let y(x) = j(x) - 4*o(x). Let t(f) = -4*y(f) + 5*z(f). Determine t(-3).
-5
Let u(o) be the first derivative of 9*o - 1/2*o**2 + 3. What is u(6)?
3
Let c(r) = -2*r - 3. Let l(y) = -y - 5. Let k(m) = -m**2 - 8*m - 3. Let x be k(-8). Let w be l(x). Let j be ((-2)/w - -3) + -1. What is c(j)?
-9
Suppose 2*o + 22 = -4*s, o + 7 = -4*s + 4*o. Let l(c) = -c - 1. Calculate l(s).
3
Suppose 3*v - 4*o = -0 - 16, 2*v + 5*o = -3. Let i(m) = m**3 + 5*m**2 + 6*m + 2. Determine i(v).
-6
Let r(x) = 10*x - 5. Let b be r(7). Suppose 21 - b = 4*k. Let p = k - -15. Let h(t) = -t**2 + 3*t. Give h(p).
-4
Let o(f) = f**3 - f**2 + 12*f + 10. Let z(m) = -2*m**3 + 3*m**2 - 25*m - 21. Let r(j) = -13*o(j) - 6*z(j). What is r(-4)?
4
Let m = -25 - -28. Let x(y) = -1 - 7*y - 33*y**3 + 32*y**m + y - 8*y**2. Determine x(-7).
-8
Let o(z) be the third derivative of -z**6/40 - z**5/30 + z**4/12 - z**3/6 - 6*z**2. What is o(1)?
-4
Suppose 16 = 6*w - 2*w. Suppose v = 3*v - w. Let g(h) = -3*h**v - 2*h - 5*h**2 + 2*h. Calculate g(1).
-8
Let f = 15 + -11. Suppose 0*i + f = i - v, 4*v - 4 = -i. Let n(q) = -q**3 + 4*q**2 - q - 4. Calculate n(i).
-8
Suppose 13 = -3*p + 34. Let x = 5 - p. Let d(u) be the third derivative of -u**4/24 - u**3/3 - 2*u**2. Calculate d(x).
0
Let w(s) be the third derivative of 0*s - s**2 - 1/20*s**5 + 1/360*s**6 + 1/8*s**4 - 1/3*s**3 + 0. Let r(z) be the first derivative of w(z). Calculate r(4).
-5
Suppose 0 = 3*d - 12 - 3. Suppose -5*w + 4*c + 36 = 0, -d*w = -c - 5 - 19. Let x(y) = y - 1. What is x(w)?
3
Suppose -7*o + 3*o = 0. Let v(x) = 2 + 6*x - 7*x + o. Give v(-3).
5
Let j = 12 + -17. Let m(v) = -v**3 - 6*v**2 - 6*v - 4. Determine m(j).
1
Let o(p) = 7 - 3*p - 13 + 2*p + 5. Determine o(4).
-5
Let b(p) be the first derivative of 1/2*p**3 - 1 - 3*p - p**2. Let n(f) be the first derivative of b(f). Determine n(-3).
-11
Let s = -12 + 9. Let x(y) = -y**3 - 4*y**2 - y + 2. Calculate x(s).
-4
Suppose 0*p - 5*p - 20 = 0. Let b(i) = 3*i. Let w be b(2). Let l(o) = -o**3 - w*o - 2 + o**2 + 0 - 6*o**2 + o. Calculate l(p).
2
Let x(b) = b + 16. Let o(m) = -m - 15. Let l(a) = 4*o(a) + 3*x(a). What is l(-7)?
-5
Suppose -3*k = -5*b + 10, -5*b = -4*b + 2*k - 2. Let i(c) = 6*c - 2*c - 3*c**b - 3*c. Determine i(1).
-2
Let b(c) = -c**2 - 2*c + 3. Suppose -5*w + 84 = 3*j, 5*w + 2 = 5*j + 62. Let h be (6/10)/((-3)/w). Determine b(h).
0
Let n(y) = y**2 + 8*y + 4. Let p be (2/(-3))/(18/189). Give n(p).
-3
Let x(q) = -8*q**2 - 7*q**2 + 22*q**2 - 6*q**2 - 5*q. Let d = 17 - 12. Determine x(d).
0
Suppose -3*p + 1 = 2*p - m, -2*m = 4*p - 12. Let z(t) = 8*t**3 - 4*t**2 + 3*t. Let i(b) = 7*b**3 - 3*b**2 + 2*b. Let f(r) = -4*i(r) + 3*z(r). What is f(p)?
-3
Suppose s = q, -s = -0*s + q + 4. Let w(c) be the first derivative of -c**4/4 - 4*c**3/3 - 3*c**2/2 + 3. Calculate w(s).
-2
Let w(r) = r + 0*r + 1 - 3. Suppose 4*n - 2*j = -0*j + 28, n + j = 1. Give w(n).
3
Let l(x) = x**3 - x**2 + 2. Let q(v) = v**2 - 1. Let g be q(-1). Let n be l(g). Suppose -d - 5*o = -n*d - 17, 5*o = -4*d + 7. Let w(y) = -y**2 + 2*y. Give w(d).
-8
Let i(d) = -d**2 + 13*d - 2. Let m(a) = a. Suppose 0 = -7*z + 5*z + 4. Let c(n) = z*i(n) - 22*m(n). Let r(h) = -h**2 - 4*h - 1. Let x be r(-2). What is c(x)?
-10
Suppose -u - 9 = -2*u. Suppose -u = -v + o, 0*v + 4*o = -4*v + 12. Let w(h) = h**3 - 7*h**2 + 5*h + 2. What is w(v)?
-4
Let b(q) = 6*q**2 + 8*q + 3. Let v(w) = -5*w**2 - 7*w - 3. Let y(n) = -6*b(n) - 7*v(n). Calculate y(-3).
-9
Suppose -2*q = 3 + 1. Let n(b) = 2*b**2 + b. Give n(q).
6
Let g(i) = 2*i**2 - 11*i - 5. Let l(j) = j**2 - 5*j - 2. Let r(v) = -2*g(v) + 5*l(v). Calculate r(3).
0
Let u(q) = -q**2 - 15*q - 3. Let x be u(-14). Let m(o) = o**3 - x*o**2 + 2*o - o + 15 + 10*o**2. Determine m(0).
15
Let z(k) = 4*k + 9 - 2*k + k + k. Let q(v) = 9*v + 19. Let c(f) = -6*q(f) + 13*z(f). What is c(3)?
-3
Suppose 0 = 2*n + 3*n + 2*q + 22, 5*q = 4*n + 44. Let c(y) be the first derivative of -y**2/2 - 4*y + 5. Calculate c(n).
2
Let t = 46 + -46. Let m(n) be the third derivative of -1/3*n**3 + 3*n**2 - 1/4*n**4 + t + 0*n. Determine m(-2).
10
Suppose 2*t + 5*v = 0, 0 = -2*t + t + v. Let s(o) = 2*o - 1. Let z be s(t). Let d(y) = 7*y - 2. Let a(w) = -8*w + 3. Let j(b) = 3*a(b) + 4*d(b). What is j(z)?
-3
Let l(y) = -2*y - 2. Suppose -s + 2 = -0*s. Give l(s).
-6
Let o(c) = -c**3 + 3*c**2 + 6*c - 3. Let p be o(4). Suppose 4*i + 3*h = -0*h + 19, -p*i + 24 = 4*h. Let w(j) = i - 2 + 0 + j. What is w(-4)?
-2
Let g be 4 + 2/(-1 + 3). Suppose 6*z - 17 = -g. Let p(o) = -o**3 + 3*o**2 - 2*o - 1. What is p(z)?
-1
Let a be (-1)/((-1)/2 + 0). Let o(b) = 1 + 1 - 4 - b + a*b. What is o(0)?
-2
Let k be (-3)/(-2)*(-8)/(-6). Let u(f) = -f**k + 4*f**2 + 0*f**3 - f**3 + 1 - 2*f. Give u(2).
1
Let l(o) be the first derivative of -1/4*o**4 - 5/3*o**3 - 1 + 1/2*o**2 + 6*o. Let c be l(-5). Let x(q) = 7*q**3 + 2*q**2 - q. What is x(c)?
8
Let m(s) = -s**3 - 4*s**2 + 7*s + 4. Let z = -12 - -8. Let o be (z/3)/((-5)/(-15)). Let d be -10*((-14)/o)/